o base 2
11101100101011100
-9a3f2 (base 16) to base 4
-2122033302
-190240a (base 11) to base 7
-36255634
Convert -201011220011 (base 3) to base 2.
-1011100001011001001
-1114344110 (base 5) to base 6
-125303100
-7be9a3 (base 15) to base 14
-b021cc
Convert -85684 (base 11) to base 2.
-11110011010111001
What is a4b0d (base 14) in base 13?
10babc
What is 11201122100 (base 4) in base 14?
29977a
Convert 153742 (base 10) to base 9.
253804
123201303 (base 4) to base 9
181603
-58458 (base 12) to base 10
-118148
Convert -3090a5 (base 11) to base 15.
-9bb17
-957808 (base 11) to base 16
-17641d
Convert -1142037 (base 8) to base 6.
-10410023
Convert -6452543 (base 7) to base 15.
-107dae
What is b31d (base 14) in base 8?
74117
104609 (base 10) to base 5
11321414
Convert 301230000203 (base 4) to base 3.
220111202101002
Convert 11211000 (base 3) to base 8.
6666
8050a (base 11) to base 15
24d48
fd228 (base 16) to base 12
420034
What is -1dc420 (base 16) in base 9?
-3602832
12545564 (base 8) to base 9
5244157
What is -147102 (base 10) in base 6?
-3053010
What is 186ce (base 16) in base 13?
366cb
What is 10001111011111010010 (base 2) in base 7?
4665333
Convert -52857 (base 15) to base 12.
-107591
25b421 (base 15) to base 4
12321320023
Convert 525510 (base 6) to base 2.
1010011011110010
253171c (base 13) to base 6
1052335511
Convert -241219 (base 14) to base 12.
-4b529b
-8d27d (base 16) to base 11
-365432
Convert 236b9 (base 15) to base 12.
55403
367a48 (base 12) to base 4
3113330120
-11213330320 (base 4) to base 16
-167f38
What is -35325 (base 12) in base 4?
-101122031
Convert -3002227 (base 8) to base 2.
-11000000010010010111
Convert 10110100011010000 (base 2) to base 9.
150631
b012b1 (base 12) to base 5
1200124201
What is -17235440 (base 8) in base 15?
-543ec2
2171423 (base 8) to base 15
b8bb0
What is 134031304 (base 7) in base 12?
2b027b7
What is -10cc9 (base 14) in base 13?
-15838
11312301 (base 4) to base 9
35810
Convert -1230243 (base 8) to base 12.
-144a03
What is 1010332320 (base 4) in base 12?
117620
Convert 546136 (base 8) to base 5.
21332030
Convert 2101221120122 (base 3) to base 16.
138197
What is 3d9b40 (base 14) in base 3?
11000201020102
Convert -1335235031 (base 6) to base 10.
-16210171
What is 1100031 (base 4) in base 10?
5133
What is -49c35b (base 14) in base 5?
-1121440022
What is -65183 (base 9) in base 6?
-531503
688788 (base 10) to base 6
22432500
What is 1000112210012121 (base 3) in base 10?
14639929
-11276b4 (base 15) to base 11
-6a25489
What is b043ec (base 16) in base 13?
2515c52
Convert 1b2a9 (base 14) to base 6.
1252033
-3254131 (base 6) to base 4
-213301213
Convert -84354 (base 11) to base 10.
-122874
What is -128381 (base 10) in base 12?
-62365
What is 551064 (base 7) in base 13?
34b78
-6447350 (base 9) to base 8
-15136735
What is -11031a (base 12) in base 6?
-5442034
-84612 (base 11) to base 14
-32c75
-436564 (base 7) to base 4
-102233230
What is -24090 (base 11) in base 4?
-20132101
-1442717 (base 8) to base 16
-645cf
-44013022 (base 5) to base 7
-3124150
-1000010101110 (base 2) to base 15
-13ea
-10124254 (base 7) to base 4
-3032231011
Convert -10041000 (base 5) to base 14.
-215dc
Convert 6005064 (base 9) to base 4.
30023120131
What is 1184708 (base 12) in base 9?
6364678
What is -b61081 (base 13) in base 12?
-1514083
Convert 30777 (base 10) to base 6.
354253
What is 137333 (base 8) in base 15?
e724
Convert 402470 (base 8) to base 10.
132408
Convert -a9c0e3 (base 15) to base 12.
-2861920
-202250 (base 10) to base 12
-99062
Convert 1437238 (base 11) to base 14.
483c5a
-10674a (base 11) to base 14
-45d06
Convert 2100552 (base 6) to base 14.
28cba
What is 1b981 (base 12) in base 11?
289a8
Convert 36bb00 (base 13) to base 11.
8161a5
Convert -10222012002110 (base 3) to base 8.
-10030540
132320111 (base 4) to base 9
212448
10ba3b2 (base 15) to base 9
24482305
Convert 22022020201222 (base 3) to base 10.
4413905
What is 2b955 (base 12) in base 7?
345203
What is -1010001000001011110 (base 2) in base 14?
-88d30
What is -973042 (base 12) in base 2?
-1001000111011101110010
11210120112001 (base 3) to base 2
1001101110101010010101
What is -4031140 (base 8) in base 3?
-1222221001210
-12506b (base 15) to base 9
-1576752
7dcb15 (base 14) to base 9
8072446
Convert 101200110111 (base 3) to base 12.
a1841
-a9c98 (base 14) to base 15
-81d2c
Convert -25877 (base 11) to base 16.
-907d
-72b60 (base 15) to base 6
-11443430
-3d391a (base 14) to base 10
-2122900
What is 115616354 (base 7) in base 14?
d77b64
Convert -17a082 (base 11) to base 12.
-114322
Convert -7627c9 (base 13) to base 4.
-22211301133
What is -2412614 (base 7) in base 4?
-1022223332
What is -301144 (base 5) in base 4?
-2111031
bbb802 (base 14) to base 8
30232132
What is -11202012122210 (base 3) in base 13?
-6a4832
What is 115112140 (base 7) in base 10?
7196560
32176 (base 11) to base 6
1000341
-110101000101111 (base 2) to base 13
-c4b0
Convert 33143433 (base 5) to base 11.
1869a4
-101011111001011001 (base 2) to base 16
-2be59
What is 494913 (base 13) in base 16?
1abde2
102200100012 (base 3) to base 16
381fb
10001110111111011110110 (base 2) to base 8
21677366
Convert -1024301 (base 5) to base 13.
-7c35
1011530 (base 7) to base 11
82720
115a72 (base 11) to base 6
3534100
210022102101 (base 3) to base 11
267188
819454 (base 13) to base 6
144414451
18061 (base 9) to base 6
133344
Convert -1797190 (base 10) to base 8.
-6666106
5854b (base 16) to base 2
1011000010101001011
Convert -3313432 (base 8) to base 14.
-19281c
152861 (base 14) to base 10
737045
What is 2323021333 (base 4) in base 11?
483a51
Convert -77a52 (base 14) to base 2.
-1000110110101101000
What is a295c (base 15) in base 3?
222011121020
What is -12e44 (base 16) in base 10?
-77380
What is -81438 (base 11) in base 15?
-253c4
What is -52793 (base 12) in base 16?
-1a6df
-3312441 (base 5) to base 3
-2220112020
111106 (base 9) to base 3
10101010020
What is 191243 (base 11) in base 7?
2334266
451110 (base 6) to base 4
21033102
-7017114 (base 9) to base 11
-2119877
What is -1544562 (base 7) in base 9?
-354100
What is 121100120011 (base 3) in base 12?
13634a
Convert 20312310311 (base 4) to base 5.
1043243332
Convert -11001001100110001 (base 2) to base 10.
-103217
-1000010110001100100111101 (base 2) to base 9
-35838675
Convert 4525113 (base 8) to base 2.
100101010101001001011
-134b480 (base 12) to base 8
-16502340
What is -1403220 (base 9) in base 10?
-770004
What is 31231120320 (base 4) in base 5?
1410000114
What is -1101110101010111011001 (base 2) in base 5?
-1412021312
-133032443 (base 5) to base 7
-5505242
-6005 (base 11) to base 3
-101221222
110001011011 (base 2) to base 8
6133
Convert -826c9 (base 14) to base 4.
-1030230321
-1353885 (base 10) to base 6
-45003553
185410 (base 9) to base 10
115515
140d6 (base 15) to base 8
175506
-10201202120101 (base 3) to base 6
-110301531
What is 753942 (base 10) in base 8?
2700426
What is -5d395b (base 14) in base 6?
-152320205
What is 1022200201011 (base 3) in base 10?
702544
Convert -267316 (base 12) to base 3.
-1012020112200
What is -10310520 (base 8) in base 15?
-2d6c43
1157550 (base 9) to base 2
10011001100001110000
-13014041 (base 6) to base 8
-1470311
Convert -202121011110 (base 3) to base 2.
-1100010111111000100
45412002 (base 7) to base 16
3c505e
1001000110011100101110 (base 2) to base 13
656b82
Convert -1123132102 (base 4) to base 12.
-1609aa
What is 67547 (base 9) in base 4?
22331311
-6655026 (base 8) to base 11
-1014837
What is -aae5a (base 15) in base 10?
-543235
What is -1102110120 (base 3) in base 7?
-144516
b027c8 (base 14) to base 7
101226341
Convert 1b585b (base 12) to base 3.
220201202022
-19b99 (base 15) to base 12
-40483
What is -10000123021 (base 4) in base 11?
-658130
What is 270729 (base 12) in base 2?
10011101001100010001
1332111023 (base 5) to base 14
6450d3
-421063 (base 9) to base 2
-111101000011111000
What is 201226 (base 9) in base 12?
58a59
Convert -32102 (base 13) to base 14.
-24c64
Convert 109ba09 (base 12) to base 7.
36066141
8454636 (base 11) to base 5
12303132421
Convert 391729 (base 12) to base 2.
11100100011111010001
Convert 300516314 (base 7) to base 8.
102237217
Convert 574806 (base 11) to base 3.
1201102211100
What is 211660 (base 7) in base 4?
20331112
Co